{"id":1249,"date":"2023-09-19T20:37:10","date_gmt":"2023-09-19T18:37:10","guid":{"rendered":"https:\/\/dorfwerkstatt-naenikon-greifensee.ch\/wp\/?post_type=tribe_events&#038;p=1249"},"modified":"2023-09-19T20:37:10","modified_gmt":"2023-09-19T18:37:10","slug":"zeichnen-am-gleis-30-10","status":"publish","type":"tribe_events","link":"https:\/\/dorfwerkstatt-naenikon-greifensee.ch\/wp\/?tribe_events=zeichnen-am-gleis-30-10","title":{"rendered":"Zeichnen am Gleis 30.10."},"content":{"rendered":"<p>Jeweils am letzten Montag im Monat, 18 \u2013 20.30 Uhr<br \/>\n28. August, 25. September, 30. Oktober, 27. November und 18. Dezember<\/p>\n<p><strong>Kreatives Workout<\/strong><\/p>\n<p>Wir zeichnen drinnen oder draussen zu verschiedenen Themen wie Urban Ske<img data-recalc-dims=\"1\" fetchpriority=\"high\" decoding=\"async\" class=\"size-medium wp-image-1244 alignright\" src=\"https:\/\/i0.wp.com\/dorfwerkstatt-naenikon-greifensee.ch\/wp\/wp-content\/uploads\/2023\/09\/Onlinebild.jpg?resize=300%2C177&#038;ssl=1\" alt=\"\" width=\"300\" height=\"177\" srcset=\"https:\/\/i0.wp.com\/dorfwerkstatt-naenikon-greifensee.ch\/wp\/wp-content\/uploads\/2023\/09\/Onlinebild.jpg?resize=300%2C177&amp;ssl=1 300w, https:\/\/i0.wp.com\/dorfwerkstatt-naenikon-greifensee.ch\/wp\/wp-content\/uploads\/2023\/09\/Onlinebild.jpg?w=490&amp;ssl=1 490w\" sizes=\"(max-width: 300px) 100vw, 300px\" \/>tching, Illustration, Selfies, Souvenir und andere mehr. Das Thema des Abends wird jeweils zum Voraus bekannt gegeben. Wir arbeiten spielerisch oder ambitioniert \u2013 je nach Bed\u00fcrfnis.<\/p>\n<p>Alle sind willkommen.<br \/>\nAblauf: Input zum Thema, zusammen zeichnen, sich austauschen, Feedback bekommen.<br \/>\nBei Sch\u00f6nwetter: Urban Sketching (draussen zeichnen)<br \/>\nBei Regen + K\u00e4lte: Zeichnen im Gleis1<\/p>\n<p>Material: Eigenes mitbringen oder im Gleis1 ausleihen (pauschal CHF 10.-\/Abend)<br \/>\nKaffee &amp; Co.: Das Caf\u00e9 ist montags geschlossen, ein beschr\u00e4nktes Sortiment ist aber verf\u00fcgbar.<br \/>\nKosten: Kollekte ins K\u00e4sseli oder per Twint<br \/>\nOrt: Kultur-Caf\u00e9 Gleis1 im Bahnhof N\u00e4nikon-Greifensee<br \/>\nLeitung: Lotti Eschmann (Grafik &amp; Illustration)<br \/>\nAnmelden per Mail an <a href=\"mailto:illustration@lottieschmann.ch\">illustration@lottieschmann.ch<\/a> oder spontan teilnehmen.<\/p>\n","protected":false},"excerpt":{"rendered":"<p>Jeweils am letzten Montag im Monat, 18 \u2013 20.30 Uhr 28. August, 25. September, 30. Oktober, 27. November und 18. Dezember Kreatives Workout Wir zeichnen drinnen oder draussen zu verschiedenen [&hellip;]<\/p>\n","protected":false},"author":1,"featured_media":0,"template":"","meta":{"ocean_post_layout":"","ocean_both_sidebars_style":"","ocean_both_sidebars_content_width":0,"ocean_both_sidebars_sidebars_width":0,"ocean_sidebar":"","ocean_second_sidebar":"","ocean_disable_margins":"enable","ocean_add_body_class":"","ocean_shortcode_before_top_bar":"","ocean_shortcode_after_top_bar":"","ocean_shortcode_before_header":"","ocean_shortcode_after_header":"","ocean_has_shortcode":"","ocean_shortcode_after_title":"","ocean_shortcode_before_footer_widgets":"","ocean_shortcode_after_footer_widgets":"","ocean_shortcode_before_footer_bottom":"","ocean_shortcode_after_footer_bottom":"","ocean_display_top_bar":"default","ocean_display_header":"default","ocean_header_style":"","ocean_center_header_left_menu":"","ocean_custom_header_template":"","ocean_custom_logo":0,"ocean_custom_retina_logo":0,"ocean_custom_logo_max_width":0,"ocean_custom_logo_tablet_max_width":0,"ocean_custom_logo_mobile_max_width":0,"ocean_custom_logo_max_height":0,"ocean_custom_logo_tablet_max_height":0,"ocean_custom_logo_mobile_max_height":0,"ocean_header_custom_menu":"","ocean_menu_typo_font_family":"","ocean_menu_typo_font_subset":"","ocean_menu_typo_font_size":0,"ocean_menu_typo_font_size_tablet":0,"ocean_menu_typo_font_size_mobile":0,"ocean_menu_typo_font_size_unit":"px","ocean_menu_typo_font_weight":"","ocean_menu_typo_font_weight_tablet":"","ocean_menu_typo_font_weight_mobile":"","ocean_menu_typo_transform":"","ocean_menu_typo_transform_tablet":"","ocean_menu_typo_transform_mobile":"","ocean_menu_typo_line_height":0,"ocean_menu_typo_line_height_tablet":0,"ocean_menu_typo_line_height_mobile":0,"ocean_menu_typo_line_height_unit":"","ocean_menu_typo_spacing":0,"ocean_menu_typo_spacing_tablet":0,"ocean_menu_typo_spacing_mobile":0,"ocean_menu_typo_spacing_unit":"","ocean_menu_link_color":"","ocean_menu_link_color_hover":"","ocean_menu_link_color_active":"","ocean_menu_link_background":"","ocean_menu_link_hover_background":"","ocean_menu_link_active_background":"","ocean_menu_social_links_bg":"","ocean_menu_social_hover_links_bg":"","ocean_menu_social_links_color":"","ocean_menu_social_hover_links_color":"","ocean_disable_title":"default","ocean_disable_heading":"default","ocean_post_title":"","ocean_post_subheading":"","ocean_post_title_style":"","ocean_post_title_background_color":"","ocean_post_title_background":0,"ocean_post_title_bg_image_position":"","ocean_post_title_bg_image_attachment":"","ocean_post_title_bg_image_repeat":"","ocean_post_title_bg_image_size":"","ocean_post_title_height":0,"ocean_post_title_bg_overlay":0.5,"ocean_post_title_bg_overlay_color":"","ocean_disable_breadcrumbs":"default","ocean_breadcrumbs_color":"","ocean_breadcrumbs_separator_color":"","ocean_breadcrumbs_links_color":"","ocean_breadcrumbs_links_hover_color":"","ocean_display_footer_widgets":"default","ocean_display_footer_bottom":"default","ocean_custom_footer_template":"","_tribe_events_status":"","_tribe_events_status_reason":"","footnotes":""},"tags":[],"tribe_events_cat":[],"class_list":["post-1249","tribe_events","type-tribe_events","status-publish","hentry","entry"],"jetpack_sharing_enabled":true,"_links":{"self":[{"href":"https:\/\/dorfwerkstatt-naenikon-greifensee.ch\/wp\/index.php?rest_route=\/wp\/v2\/tribe_events\/1249","targetHints":{"allow":["GET"]}}],"collection":[{"href":"https:\/\/dorfwerkstatt-naenikon-greifensee.ch\/wp\/index.php?rest_route=\/wp\/v2\/tribe_events"}],"about":[{"href":"https:\/\/dorfwerkstatt-naenikon-greifensee.ch\/wp\/index.php?rest_route=\/wp\/v2\/types\/tribe_events"}],"author":[{"embeddable":true,"href":"https:\/\/dorfwerkstatt-naenikon-greifensee.ch\/wp\/index.php?rest_route=\/wp\/v2\/users\/1"}],"version-history":[{"count":1,"href":"https:\/\/dorfwerkstatt-naenikon-greifensee.ch\/wp\/index.php?rest_route=\/wp\/v2\/tribe_events\/1249\/revisions"}],"predecessor-version":[{"id":1250,"href":"https:\/\/dorfwerkstatt-naenikon-greifensee.ch\/wp\/index.php?rest_route=\/wp\/v2\/tribe_events\/1249\/revisions\/1250"}],"wp:attachment":[{"href":"https:\/\/dorfwerkstatt-naenikon-greifensee.ch\/wp\/index.php?rest_route=%2Fwp%2Fv2%2Fmedia&parent=1249"}],"wp:term":[{"taxonomy":"post_tag","embeddable":true,"href":"https:\/\/dorfwerkstatt-naenikon-greifensee.ch\/wp\/index.php?rest_route=%2Fwp%2Fv2%2Ftags&post=1249"},{"taxonomy":"tribe_events_cat","embeddable":true,"href":"https:\/\/dorfwerkstatt-naenikon-greifensee.ch\/wp\/index.php?rest_route=%2Fwp%2Fv2%2Ftribe_events_cat&post=1249"}],"curies":[{"name":"wp","href":"https:\/\/api.w.org\/{rel}","templated":true}]}}

<p>Jeweils am letzten Montag im Monat, 18 – 20.30 Uhr<br />
28. August, 25. September, 30. Oktober, 27. November und 18. Dezember</p>
<p><strong>Kreatives Workout</strong></p>
<p>Wir zeichnen drinnen oder draussen zu verschiedenen Themen wie Urban Ske<img data-recalc-dims="1" fetchpriority="high" decoding="async" class="size-medium wp-image-1244 alignright" src="https://i0.wp.com/dorfwerkstatt-naenikon-greifensee.ch/wp/wp-content/uploads/2023/09/Onlinebild.jpg?resize=300%2C177&#038;ssl=1" alt="" width="300" height="177" srcset="https://i0.wp.com/dorfwerkstatt-naenikon-greifensee.ch/wp/wp-content/uploads/2023/09/Onlinebild.jpg?resize=300%2C177&amp;ssl=1 300w, https://i0.wp.com/dorfwerkstatt-naenikon-greifensee.ch/wp/wp-content/uploads/2023/09/Onlinebild.jpg?w=490&amp;ssl=1 490w" sizes="(max-width: 300px) 100vw, 300px" />tching, Illustration, Selfies, Souvenir und andere mehr. Das Thema des Abends wird jeweils zum Voraus bekannt gegeben. Wir arbeiten spielerisch oder ambitioniert – je nach Bedürfnis.</p>
<p>Alle sind willkommen.<br />
Ablauf: Input zum Thema, zusammen zeichnen, sich austauschen, Feedback bekommen.<br />
Bei Schönwetter: Urban Sketching (draussen zeichnen)<br />
Bei Regen + Kälte: Zeichnen im Gleis1</p>
<p>Material: Eigenes mitbringen oder im Gleis1 ausleihen (pauschal CHF 10.-/Abend)<br />
Kaffee &amp; Co.: Das Café ist montags geschlossen, ein beschränktes Sortiment ist aber verfügbar.<br />
Kosten: Kollekte ins Kässeli oder per Twint<br />
Ort: Kultur-Café Gleis1 im Bahnhof Nänikon-Greifensee<br />
Leitung: Lotti Eschmann (Grafik &amp; Illustration)<br />
Anmelden per Mail an <a href="mailto:illustration@lottieschmann.ch">illustration@lottieschmann.ch</a> oder spontan teilnehmen.</p>
